{"id":102,"date":"2019-01-03T07:00:29","date_gmt":"2019-01-03T07:00:29","guid":{"rendered":"http:\/\/sttheme.com\/demosd\/loptus1\/?page_id=102"},"modified":"2026-03-31T13:23:33","modified_gmt":"2026-03-31T13:23:33","slug":"contacto","status":"publish","type":"page","link":"https:\/\/paraguaycourier.com\/index.php\/contacto\/","title":{"rendered":"Sucursales"},"content":{"rendered":"<section class=\"wpb-content-wrapper\"><p>[vc_row full_width=&#8221;stretch_row_content&#8221; gap=&#8221;35&#8243; full_height=&#8221;yes&#8221; container=&#8221;1&#8243;][vc_column parallax=&#8221;content-moving-fade&#8221;] \r\n    <section class=\"form-info text-center\">\r\n  <div class=\"container\">\r\n    <div class=\"row\">\r\n          <div class=\"col-lg-4 col-md-12\">\r\n        <div class=\"info-inner\">\r\n          <h3 class=\"title\">Casa Matriz<\/h3>\r\n          <ul class=\"contact-info list-inline\">\r\n            <li class=\"mb-3\"><p>Ceferino Vega Gaona & Quesada <\/p>              \r\n            <\/li>\r\n            <li class=\"mb-3\"><a href=\"tel:Lunes a Viernes 8:30 a 18:00 S\u00e1bado: 08:30 a 13:00\">Lunes a Viernes 8:30 a 18:00 S\u00e1bado: 08:30 a 13:00<\/a>\r\n            <\/li>\r\n            <li><a href=\"mailto:                                                                            \">                                                                             <\/a>\r\n            <\/li>\r\n          <\/ul>\r\n        <\/div>\r\n      <\/div>\r\n            <div class=\"col-lg-4 col-md-12\">\r\n        <div class=\"info-inner\">\r\n          <h3 class=\"title\">Lambar\u00e9<\/h3>\r\n          <ul class=\"contact-info list-inline\">\r\n            <li class=\"mb-3\"><p>Cacique Lambar\u00e9 3815 c\/ Domingo Mart\u00ednez de Irala.<\/p>              \r\n            <\/li>\r\n            <li class=\"mb-3\"><a href=\"tel:Lunes a Viernes: 8:30 a 12:00 \/ 13:00 a 18:00 S\u00e1bado: 08:30 a 13:00\">Lunes a Viernes: 8:30 a 12:00 \/ 13:00 a 18:00 S\u00e1bado: 08:30 a 13:00<\/a>\r\n            <\/li>\r\n            <li><a href=\"mailto:\"> <\/a>\r\n            <\/li>\r\n          <\/ul>\r\n        <\/div>\r\n      <\/div>\r\n            <div class=\"col-lg-4 col-md-12\">\r\n        <div class=\"info-inner\">\r\n          <h3 class=\"title\">Centro<\/h3>\r\n          <ul class=\"contact-info list-inline\">\r\n            <li class=\"mb-3\"><p>Asunci\u00f3n Supercentro, 1er piso, local 254<\/p>              \r\n            <\/li>\r\n            <li class=\"mb-3\"><a href=\"tel:Lunes a Viernes: 8:30 a 18:00 S\u00e1bado: 9:00 a 13:00\">Lunes a Viernes: 8:30 a 18:00 S\u00e1bado: 9:00 a 13:00<\/a>\r\n            <\/li>\r\n            <li><a href=\"mailto:\"> <\/a>\r\n            <\/li>\r\n          <\/ul>\r\n        <\/div>\r\n      <\/div>\r\n            <div class=\"col-lg-4 col-md-12\">\r\n        <div class=\"info-inner\">\r\n          <h3 class=\"title\">Espa\u00f1a<\/h3>\r\n          <ul class=\"contact-info list-inline\">\r\n            <li class=\"mb-3\"><p>Avda. Espa\u00f1a y 1ro Porfirio Saldivar (Paseo Espa\u00f1a) - CIS express (Western Union)<\/p>              \r\n            <\/li>\r\n            <li class=\"mb-3\"><a href=\"tel:Lunes a Viernes 8:00 a 18:00 S\u00e1bado: 9:00 a 12:00\">Lunes a Viernes 8:00 a 18:00 S\u00e1bado: 9:00 a 12:00<\/a>\r\n            <\/li>\r\n            <li><a href=\"mailto:\"> <\/a>\r\n            <\/li>\r\n          <\/ul>\r\n        <\/div>\r\n      <\/div>\r\n            <div class=\"col-lg-4 col-md-12\">\r\n        <div class=\"info-inner\">\r\n          <h3 class=\"title\">San Lorenzo<\/h3>\r\n          <ul class=\"contact-info list-inline\">\r\n            <li class=\"mb-3\"><p>Teniente Ben\u00edtez c\/ Gral. Caballero<\/p>              \r\n            <\/li>\r\n            <li class=\"mb-3\"><a href=\"tel:Lunes a Viernes: 8:30 a 12:00 y 13:00 a 18:00 - S\u00e1bado: 09:00 a 13:00\">Lunes a Viernes: 8:30 a 12:00 y 13:00 a 18:00 - S\u00e1bado: 09:00 a 13:00<\/a>\r\n            <\/li>\r\n            <li><a href=\"mailto:\"> <\/a>\r\n            <\/li>\r\n          <\/ul>\r\n        <\/div>\r\n      <\/div>\r\n            <div class=\"col-lg-4 col-md-12\">\r\n        <div class=\"info-inner\">\r\n          <h3 class=\"title\">Shopping Mariscal<\/h3>\r\n          <ul class=\"contact-info list-inline\">\r\n            <li class=\"mb-3\"><p>Estacionamiento Planta Baja, Edificio Viejo, Local 34 -  CIS express (Western Union)<\/p>              \r\n            <\/li>\r\n            <li class=\"mb-3\"><a href=\"tel:Lunes a S\u00e1bado: 9:00 a 21:00 Domingos: 10:00 a 20:00\">Lunes a S\u00e1bado: 9:00 a 21:00 Domingos: 10:00 a 20:00<\/a>\r\n            <\/li>\r\n            <li><a href=\"mailto:\"> <\/a>\r\n            <\/li>\r\n          <\/ul>\r\n        <\/div>\r\n      <\/div>\r\n            <div class=\"col-lg-4 col-md-12\">\r\n        <div class=\"info-inner\">\r\n          <h3 class=\"title\">Shopping Multiplaza <\/h3>\r\n          <ul class=\"contact-info list-inline\">\r\n            <li class=\"mb-3\"><p>Planta Baja  Bloque A, Local 9 - CIS express (Western Union)<\/p>              \r\n            <\/li>\r\n            <li class=\"mb-3\"><a href=\"tel:Lunes a Domingo: 08:00 a 20:00\">Lunes a Domingo: 08:00 a 20:00<\/a>\r\n            <\/li>\r\n            <li><a href=\"mailto:\"> <\/a>\r\n            <\/li>\r\n          <\/ul>\r\n        <\/div>\r\n      <\/div>\r\n            <div class=\"col-lg-4 col-md-12\">\r\n        <div class=\"info-inner\">\r\n          <h3 class=\"title\">Luque<\/h3>\r\n          <ul class=\"contact-info list-inline\">\r\n            <li class=\"mb-3\"><p>Boquer\u00f3n 434 C\/ Luis Alberto de Herrera<\/p>              \r\n            <\/li>\r\n            <li class=\"mb-3\"><a href=\"tel:Lunes a Viernes: 8:00 a 18:00 S\u00e1bado: 8:00 a 15:00\">Lunes a Viernes: 8:00 a 18:00 S\u00e1bado: 8:00 a 15:00<\/a>\r\n            <\/li>\r\n            <li><a href=\"mailto:\"> <\/a>\r\n            <\/li>\r\n          <\/ul>\r\n        <\/div>\r\n      <\/div>\r\n            <div class=\"col-lg-4 col-md-12\">\r\n        <div class=\"info-inner\">\r\n          <h3 class=\"title\">Ciudad del Este<\/h3>\r\n          <ul class=\"contact-info list-inline\">\r\n            <li class=\"mb-3\"><p>Monse\u00f1or Francisco Cedzich 319 esquina Curupayty<\/p>              \r\n            <\/li>\r\n            <li class=\"mb-3\"><a href=\"tel:Lunes a Viernes: 8:00 a 17:00 S\u00e1bado: 8:30 a 13:00\">Lunes a Viernes: 8:00 a 17:00 S\u00e1bado: 8:30 a 13:00<\/a>\r\n            <\/li>\r\n            <li><a href=\"mailto:\"> <\/a>\r\n            <\/li>\r\n          <\/ul>\r\n        <\/div>\r\n      <\/div>\r\n            <div class=\"col-lg-4 col-md-12\">\r\n        <div class=\"info-inner\">\r\n          <h3 class=\"title\">Encarnaci\u00f3n<\/h3>\r\n          <ul class=\"contact-info list-inline\">\r\n            <li class=\"mb-3\"><p>Avd Padre Juan Von Winckel entre Serafina Davalos Y Juana de Lara<\/p>              \r\n            <\/li>\r\n            <li class=\"mb-3\"><a href=\"tel:Lunes a Viernes: 07:30 a 16:00 S\u00e1bado: 7:30 a 12:00\">Lunes a Viernes: 07:30 a 16:00 S\u00e1bado: 7:30 a 12:00<\/a>\r\n            <\/li>\r\n            <li><a href=\"mailto:\"> <\/a>\r\n            <\/li>\r\n          <\/ul>\r\n        <\/div>\r\n      <\/div>\r\n            <div class=\"col-lg-4 col-md-12\">\r\n        <div class=\"info-inner\">\r\n          <h3 class=\"title\">Villarrica<\/h3>\r\n          <ul class=\"contact-info list-inline\">\r\n            <li class=\"mb-3\"><p>Calle Cnel. Oviedo e\/ Cnel. Gimenez y Gral. Jos\u00e9 E. Diaz CIS Express<\/p>              \r\n            <\/li>\r\n            <li class=\"mb-3\"><a href=\"tel:Lunes a Viernes: 7:00 a 12:00 & 13:00 a 17:00 S\u00e1bado: 7:00 a 12:00\">Lunes a Viernes: 7:00 a 12:00 & 13:00 a 17:00 S\u00e1bado: 7:00 a 12:00<\/a>\r\n            <\/li>\r\n            <li><a href=\"mailto:\"> <\/a>\r\n            <\/li>\r\n          <\/ul>\r\n        <\/div>\r\n      <\/div>\r\n            <div class=\"col-lg-4 col-md-12\">\r\n        <div class=\"info-inner\">\r\n          <h3 class=\"title\">Pedro Juan Caballero<\/h3>\r\n          <ul class=\"contact-info list-inline\">\r\n            <li class=\"mb-3\"><p>Natalicio Talavera esq. Alberdi<\/p>              \r\n            <\/li>\r\n            <li class=\"mb-3\"><a href=\"tel:Lunes a Viernes: 8:00 a 12:00 & 13:30 a 17:30 S\u00e1bado: 08:00 a 13:00\">Lunes a Viernes: 8:00 a 12:00 & 13:30 a 17:30 S\u00e1bado: 08:00 a 13:00<\/a>\r\n            <\/li>\r\n            <li><a href=\"mailto:\"> <\/a>\r\n            <\/li>\r\n          <\/ul>\r\n        <\/div>\r\n      <\/div>\r\n            <div class=\"col-lg-4 col-md-12\">\r\n        <div class=\"info-inner\">\r\n          <h3 class=\"title\">Loma Plata<\/h3>\r\n          <ul class=\"contact-info list-inline\">\r\n            <li class=\"mb-3\"><p>Acceso Loma Plata c\/ El Quebracho - VF Creative  - Galeria Plastichaco<\/p>              \r\n            <\/li>\r\n            <li class=\"mb-3\"><a href=\"tel:Lunes a Viernes: 8:00 a 18:00 S\u00e1bado: 9:00 a 12:00\">Lunes a Viernes: 8:00 a 18:00 S\u00e1bado: 9:00 a 12:00<\/a>\r\n            <\/li>\r\n            <li><a href=\"mailto:\"> <\/a>\r\n            <\/li>\r\n          <\/ul>\r\n        <\/div>\r\n      <\/div>\r\n            <div class=\"col-lg-4 col-md-12\">\r\n        <div class=\"info-inner\">\r\n          <h3 class=\"title\">Salto del Guair\u00e1<\/h3>\r\n          <ul class=\"contact-info list-inline\">\r\n            <li class=\"mb-3\"><p>Avenida Bernardino Caballero Puerto de la Balsa<\/p>              \r\n            <\/li>\r\n            <li class=\"mb-3\"><a href=\"tel:Lunes a Viernes 8:30 a 18:00 S\u00e1bado: 08:30 a 13:00\">Lunes a Viernes 8:30 a 18:00 S\u00e1bado: 08:30 a 13:00<\/a>\r\n            <\/li>\r\n            <li><a href=\"mailto:\"> <\/a>\r\n            <\/li>\r\n          <\/ul>\r\n        <\/div>\r\n      <\/div>\r\n            <div class=\"col-lg-4 col-md-12\">\r\n        <div class=\"info-inner\">\r\n          <h3 class=\"title\">Mariano Roque Alonso<\/h3>\r\n          <ul class=\"contact-info list-inline\">\r\n            <li class=\"mb-3\"><p>Shopping Mariano, Local 23 - CIS express (Western Union)<\/p>              \r\n            <\/li>\r\n            <li class=\"mb-3\"><a href=\"tel:Lunes a  S\u00e1bado: 09:00 a 21:00  Domingo: 10:00 a 21:00 \">Lunes a  S\u00e1bado: 09:00 a 21:00  Domingo: 10:00 a 21:00 <\/a>\r\n            <\/li>\r\n            <li><a href=\"mailto:\"> <\/a>\r\n            <\/li>\r\n          <\/ul>\r\n        <\/div>\r\n      <\/div>\r\n          <\/div>\r\n  <\/div>\r\n<\/section>\r\n\r\n[vc_row_inner][vc_column_inner][vc_wp_text]<\/p>\n<section style=\"padding: 15px 0 !important;\">\n<div class=\"container\">\n<div class=\"row\" align=\"center\">\n<div class=\"col-lg-12 col-md-12 text-center\" align=\"center\">\n<div style=\"width: 100%; display: inline-block;\" align=\"center\">\n<div align=\"center\"><\/div>\n<\/div>\n<\/div>\n<\/div>\n<\/div>\n<\/section>\n<p>[\/vc_wp_text][\/vc_column_inner][\/vc_row_inner][\/vc_column][\/vc_row]<\/p>\n<\/section>","protected":false},"excerpt":{"rendered":"<p>[vc_row full_width=&#8221;stretch_row_content&#8221; gap=&#8221;35&#8243; full_height=&#8221;yes&#8221; container=&#8221;1&#8243;][vc_column parallax=&#8221;content-moving-fade&#8221;][vc_row_inner][vc_column_inner][vc_wp_text] [\/vc_wp_text][\/vc_column_inner][\/vc_row_inner][\/vc_column][\/vc_row]<\/p>\n","protected":false},"author":1,"featured_media":0,"parent":0,"menu_order":0,"comment_status":"closed","ping_status":"closed","template":"page-templates\/other-page.php","meta":{"_eb_attr":"","ub_ctt_via":"","footnotes":"","_joinchat":[]},"featured_image_src":null,"yoast_head":"<!-- This site is optimized with the Yoast SEO plugin v21.8 - https:\/\/yoast.com\/wordpress\/plugins\/seo\/ -->\n<title>Sucursales - Paraguay Courier - El mejor Courier del pa\u00eds :: Compras de Internet con tu casilla gratis en Miami ::<\/title>\n<meta name=\"description\" content=\"Compr\u00e1 en las mejores tiendas de internet con el mejor Courier del pa\u00eds. \u00a1Obten\u00e9 ahora tu casilla GRATIS en Miami y retir\u00e1 tus compras desde USA!\" \/>\n<meta name=\"robots\" content=\"index, follow, max-snippet:-1, max-image-preview:large, max-video-preview:-1\" \/>\n<link rel=\"canonical\" href=\"https:\/\/paraguaycourier.com\/index.php\/contacto\/\" \/>\n<meta property=\"og:locale\" content=\"en_US\" \/>\n<meta property=\"og:type\" content=\"article\" \/>\n<meta property=\"og:title\" content=\"Sucursales - Paraguay Courier - El mejor Courier del pa\u00eds :: Compras de Internet con tu casilla gratis en Miami ::\" \/>\n<meta property=\"og:description\" content=\"Compr\u00e1 en las mejores tiendas de internet con el mejor Courier del pa\u00eds. \u00a1Obten\u00e9 ahora tu casilla GRATIS en Miami y retir\u00e1 tus compras desde USA!\" \/>\n<meta property=\"og:url\" content=\"https:\/\/paraguaycourier.com\/index.php\/contacto\/\" \/>\n<meta property=\"og:site_name\" content=\"Paraguay Courier - El mejor Courier del pa\u00eds :: Compras de Internet con tu casilla gratis en Miami ::\" \/>\n<meta property=\"article:publisher\" content=\"https:\/\/www.facebook.com\/ParaguayCourierOficial\" \/>\n<meta property=\"article:modified_time\" content=\"2026-03-31T13:23:33+00:00\" \/>\n<meta property=\"og:image\" content=\"https:\/\/paraguaycourier.com\/wp-content\/uploads\/2023\/06\/banner-usa-home2-2.jpg\" \/>\n\t<meta property=\"og:image:width\" content=\"1920\" \/>\n\t<meta property=\"og:image:height\" content=\"740\" \/>\n\t<meta property=\"og:image:type\" content=\"image\/jpeg\" \/>\n<meta name=\"twitter:card\" content=\"summary_large_image\" \/>\n<meta name=\"twitter:label1\" content=\"Est. reading time\" \/>\n\t<meta name=\"twitter:data1\" content=\"1 minute\" \/>\n<script type=\"application\/ld+json\" class=\"yoast-schema-graph\">{\"@context\":\"https:\/\/schema.org\",\"@graph\":[{\"@type\":\"WebPage\",\"@id\":\"https:\/\/paraguaycourier.com\/index.php\/contacto\/\",\"url\":\"https:\/\/paraguaycourier.com\/index.php\/contacto\/\",\"name\":\"Sucursales - Paraguay Courier - El mejor Courier del pa\u00eds :: Compras de Internet con tu casilla gratis en Miami ::\",\"isPartOf\":{\"@id\":\"https:\/\/paraguaycourier.com\/#website\"},\"datePublished\":\"2019-01-03T07:00:29+00:00\",\"dateModified\":\"2026-03-31T13:23:33+00:00\",\"description\":\"Compr\u00e1 en las mejores tiendas de internet con el mejor Courier del pa\u00eds. \u00a1Obten\u00e9 ahora tu casilla GRATIS en Miami y retir\u00e1 tus compras desde USA!\",\"breadcrumb\":{\"@id\":\"https:\/\/paraguaycourier.com\/index.php\/contacto\/#breadcrumb\"},\"inLanguage\":\"en-US\",\"potentialAction\":[{\"@type\":\"ReadAction\",\"target\":[\"https:\/\/paraguaycourier.com\/index.php\/contacto\/\"]}]},{\"@type\":\"BreadcrumbList\",\"@id\":\"https:\/\/paraguaycourier.com\/index.php\/contacto\/#breadcrumb\",\"itemListElement\":[{\"@type\":\"ListItem\",\"position\":1,\"name\":\"Home\",\"item\":\"https:\/\/paraguaycourier.com\/\"},{\"@type\":\"ListItem\",\"position\":2,\"name\":\"Sucursales\"}]},{\"@type\":\"WebSite\",\"@id\":\"https:\/\/paraguaycourier.com\/#website\",\"url\":\"https:\/\/paraguaycourier.com\/\",\"name\":\"Compra de USA, CHINA y EUROPA con Tu Courier Favorito: Seguro, Confiable y R\u00e1pido con Paraguay Courier\",\"description\":\"Paraguay Courier\",\"publisher\":{\"@id\":\"https:\/\/paraguaycourier.com\/#organization\"},\"potentialAction\":[{\"@type\":\"SearchAction\",\"target\":{\"@type\":\"EntryPoint\",\"urlTemplate\":\"https:\/\/paraguaycourier.com\/?s={search_term_string}\"},\"query-input\":\"required name=search_term_string\"}],\"inLanguage\":\"en-US\"},{\"@type\":\"Organization\",\"@id\":\"https:\/\/paraguaycourier.com\/#organization\",\"name\":\"Paraguay Courier\",\"url\":\"https:\/\/paraguaycourier.com\/\",\"logo\":{\"@type\":\"ImageObject\",\"inLanguage\":\"en-US\",\"@id\":\"https:\/\/paraguaycourier.com\/#\/schema\/logo\/image\/\",\"url\":\"https:\/\/paraguaycourier.com\/wp-content\/uploads\/2023\/08\/LOGO@2x-10.png\",\"contentUrl\":\"https:\/\/paraguaycourier.com\/wp-content\/uploads\/2023\/08\/LOGO@2x-10.png\",\"width\":2160,\"height\":980,\"caption\":\"Paraguay Courier\"},\"image\":{\"@id\":\"https:\/\/paraguaycourier.com\/#\/schema\/logo\/image\/\"},\"sameAs\":[\"https:\/\/www.facebook.com\/ParaguayCourierOficial\",\"https:\/\/www.instagram.com\/paraguaycourier\"]}]}<\/script>\n<!-- \/ Yoast SEO plugin. -->","yoast_head_json":{"title":"Sucursales - Paraguay Courier - El mejor Courier del pa\u00eds :: Compras de Internet con tu casilla gratis en Miami ::","description":"Compr\u00e1 en las mejores tiendas de internet con el mejor Courier del pa\u00eds. \u00a1Obten\u00e9 ahora tu casilla GRATIS en Miami y retir\u00e1 tus compras desde USA!","robots":{"index":"index","follow":"follow","max-snippet":"max-snippet:-1","max-image-preview":"max-image-preview:large","max-video-preview":"max-video-preview:-1"},"canonical":"https:\/\/paraguaycourier.com\/index.php\/contacto\/","og_locale":"en_US","og_type":"article","og_title":"Sucursales - Paraguay Courier - El mejor Courier del pa\u00eds :: Compras de Internet con tu casilla gratis en Miami ::","og_description":"Compr\u00e1 en las mejores tiendas de internet con el mejor Courier del pa\u00eds. \u00a1Obten\u00e9 ahora tu casilla GRATIS en Miami y retir\u00e1 tus compras desde USA!","og_url":"https:\/\/paraguaycourier.com\/index.php\/contacto\/","og_site_name":"Paraguay Courier - El mejor Courier del pa\u00eds :: Compras de Internet con tu casilla gratis en Miami ::","article_publisher":"https:\/\/www.facebook.com\/ParaguayCourierOficial","article_modified_time":"2026-03-31T13:23:33+00:00","og_image":[{"width":1920,"height":740,"url":"https:\/\/paraguaycourier.com\/wp-content\/uploads\/2023\/06\/banner-usa-home2-2.jpg","type":"image\/jpeg"}],"twitter_card":"summary_large_image","twitter_misc":{"Est. reading time":"1 minute"},"schema":{"@context":"https:\/\/schema.org","@graph":[{"@type":"WebPage","@id":"https:\/\/paraguaycourier.com\/index.php\/contacto\/","url":"https:\/\/paraguaycourier.com\/index.php\/contacto\/","name":"Sucursales - Paraguay Courier - El mejor Courier del pa\u00eds :: Compras de Internet con tu casilla gratis en Miami ::","isPartOf":{"@id":"https:\/\/paraguaycourier.com\/#website"},"datePublished":"2019-01-03T07:00:29+00:00","dateModified":"2026-03-31T13:23:33+00:00","description":"Compr\u00e1 en las mejores tiendas de internet con el mejor Courier del pa\u00eds. \u00a1Obten\u00e9 ahora tu casilla GRATIS en Miami y retir\u00e1 tus compras desde USA!","breadcrumb":{"@id":"https:\/\/paraguaycourier.com\/index.php\/contacto\/#breadcrumb"},"inLanguage":"en-US","potentialAction":[{"@type":"ReadAction","target":["https:\/\/paraguaycourier.com\/index.php\/contacto\/"]}]},{"@type":"BreadcrumbList","@id":"https:\/\/paraguaycourier.com\/index.php\/contacto\/#breadcrumb","itemListElement":[{"@type":"ListItem","position":1,"name":"Home","item":"https:\/\/paraguaycourier.com\/"},{"@type":"ListItem","position":2,"name":"Sucursales"}]},{"@type":"WebSite","@id":"https:\/\/paraguaycourier.com\/#website","url":"https:\/\/paraguaycourier.com\/","name":"Compra de USA, CHINA y EUROPA con Tu Courier Favorito: Seguro, Confiable y R\u00e1pido con Paraguay Courier","description":"Paraguay Courier","publisher":{"@id":"https:\/\/paraguaycourier.com\/#organization"},"potentialAction":[{"@type":"SearchAction","target":{"@type":"EntryPoint","urlTemplate":"https:\/\/paraguaycourier.com\/?s={search_term_string}"},"query-input":"required name=search_term_string"}],"inLanguage":"en-US"},{"@type":"Organization","@id":"https:\/\/paraguaycourier.com\/#organization","name":"Paraguay Courier","url":"https:\/\/paraguaycourier.com\/","logo":{"@type":"ImageObject","inLanguage":"en-US","@id":"https:\/\/paraguaycourier.com\/#\/schema\/logo\/image\/","url":"https:\/\/paraguaycourier.com\/wp-content\/uploads\/2023\/08\/LOGO@2x-10.png","contentUrl":"https:\/\/paraguaycourier.com\/wp-content\/uploads\/2023\/08\/LOGO@2x-10.png","width":2160,"height":980,"caption":"Paraguay Courier"},"image":{"@id":"https:\/\/paraguaycourier.com\/#\/schema\/logo\/image\/"},"sameAs":["https:\/\/www.facebook.com\/ParaguayCourierOficial","https:\/\/www.instagram.com\/paraguaycourier"]}]}},"_links":{"self":[{"href":"https:\/\/paraguaycourier.com\/index.php\/wp-json\/wp\/v2\/pages\/102"}],"collection":[{"href":"https:\/\/paraguaycourier.com\/index.php\/wp-json\/wp\/v2\/pages"}],"about":[{"href":"https:\/\/paraguaycourier.com\/index.php\/wp-json\/wp\/v2\/types\/page"}],"author":[{"embeddable":true,"href":"https:\/\/paraguaycourier.com\/index.php\/wp-json\/wp\/v2\/users\/1"}],"replies":[{"embeddable":true,"href":"https:\/\/paraguaycourier.com\/index.php\/wp-json\/wp\/v2\/comments?post=102"}],"version-history":[{"count":56,"href":"https:\/\/paraguaycourier.com\/index.php\/wp-json\/wp\/v2\/pages\/102\/revisions"}],"predecessor-version":[{"id":17015,"href":"https:\/\/paraguaycourier.com\/index.php\/wp-json\/wp\/v2\/pages\/102\/revisions\/17015"}],"wp:attachment":[{"href":"https:\/\/paraguaycourier.com\/index.php\/wp-json\/wp\/v2\/media?parent=102"}],"curies":[{"name":"wp","href":"https:\/\/api.w.org\/{rel}","templated":true}]}}