{"id":86,"date":"2019-01-02T16:23:06","date_gmt":"2019-01-02T16:23:06","guid":{"rendered":"http:\/\/sttheme.com\/demosd\/loptus1\/?page_id=86"},"modified":"2024-06-19T21:15:31","modified_gmt":"2024-06-19T21:15:31","slug":"servicios","status":"publish","type":"page","link":"https:\/\/paraguaycourier.com\/index.php\/servicios\/","title":{"rendered":"Servicios"},"content":{"rendered":"<section class=\"wpb-content-wrapper\"><p>[vc_row][vc_column]    \r\n<section class=\"grey-bg pos-r o-hidden\">\r\n  <div class=\"insideText\"><\/div>\r\n    <div class=\"container\">\r\n    <div class=\"row\">\r\n          <div class=\"col-lg-6 col-md-6 mb-5\">\r\n        <div class=\"featured-item style-3\">\r\n          <div class=\"featured-icon\">\r\n            <img class=\"img-center lazyload\" data-src=\"https:\/\/paraguaycourier.com\/wp-content\/uploads\/2024\/06\/despacho-aduanero.png\" alt=\"Image\" src=\"data:image\/gif;base64,R0lGODlhAQABAAAAACH5BAEKAAEALAAAAAABAAEAAAICTAEAOw==\" style=\"--smush-placeholder-width: 150px; --smush-placeholder-aspect-ratio: 150\/150;\"><noscript><img class=\"img-center\" src=\"https:\/\/paraguaycourier.com\/wp-content\/uploads\/2024\/06\/despacho-aduanero.png\" alt=\"Image\"><\/noscript>\r\n          <\/div>\r\n          <div class=\"featured-title\">\r\n            <h5><a href=\"https:\/\/paraguaycourier.com\/index.php\/service\/despacho-aduanero-2\/\">Despacho Aduanero<\/a><\/h5>\r\n          <\/div>\r\n          <div class=\"featured-desc\">\r\n            <p>[vc_row][vc_column][vc_column_text] En Paraguay Courier, contamos con despachantes de aduana aliados y agentes internos experimentados, que lo asesoran continuamente, asegurando todo el...<\/p>\r\n          <\/div>\r\n        <\/div>\r\n      <\/div>\r\n            <div class=\"col-lg-6 col-md-6 mb-5\">\r\n        <div class=\"featured-item style-3\">\r\n          <div class=\"featured-icon\">\r\n            <img class=\"img-center lazyload\" data-src=\"https:\/\/paraguaycourier.com\/wp-content\/uploads\/2024\/02\/consolidacion@2x-150x150-1.png\" alt=\"Image\" src=\"data:image\/gif;base64,R0lGODlhAQABAAAAACH5BAEKAAEALAAAAAABAAEAAAICTAEAOw==\" style=\"--smush-placeholder-width: 150px; --smush-placeholder-aspect-ratio: 150\/150;\"><noscript><img class=\"img-center\" src=\"https:\/\/paraguaycourier.com\/wp-content\/uploads\/2024\/02\/consolidacion@2x-150x150-1.png\" alt=\"Image\"><\/noscript>\r\n          <\/div>\r\n          <div class=\"featured-title\">\r\n            <h5><a href=\"https:\/\/paraguaycourier.com\/index.php\/service\/consolidacion\/\">Consolidaci\u00f3n<\/a><\/h5>\r\n          <\/div>\r\n          <div class=\"featured-desc\">\r\n            <p>[vc_row][vc_column][vc_column_text] SERVICIO DE CONSOLIDACI\u00d3N &nbsp; UNIFICAMOS TU ENV\u00cdO Aguardamos que lleguen todas las cargas que se deben consolidar y las enviamos...<\/p>\r\n          <\/div>\r\n        <\/div>\r\n      <\/div>\r\n            <div class=\"col-lg-6 col-md-6 mb-5\">\r\n        <div class=\"featured-item style-3\">\r\n          <div class=\"featured-icon\">\r\n            <img class=\"img-center lazyload\" data-src=\"https:\/\/paraguaycourier.com\/wp-content\/uploads\/2024\/02\/inbond@2x-150x150-1.png\" alt=\"Image\" src=\"data:image\/gif;base64,R0lGODlhAQABAAAAACH5BAEKAAEALAAAAAABAAEAAAICTAEAOw==\" style=\"--smush-placeholder-width: 150px; --smush-placeholder-aspect-ratio: 150\/150;\"><noscript><img class=\"img-center\" src=\"https:\/\/paraguaycourier.com\/wp-content\/uploads\/2024\/02\/inbond@2x-150x150-1.png\" alt=\"Image\"><\/noscript>\r\n          <\/div>\r\n          <div class=\"featured-title\">\r\n            <h5><a href=\"https:\/\/paraguaycourier.com\/index.php\/service\/inbond\/\">InBond<\/a><\/h5>\r\n          <\/div>\r\n          <div class=\"featured-desc\">\r\n            <p>[vc_row][vc_column][vc_column_text] SERVICIO INBOND &nbsp; Paquetes en tr\u00e1nsito. Son almacenes bajo control de la aduana donde llegan los paquetes\/env\u00edos de forma temporal...<\/p>\r\n          <\/div>\r\n        <\/div>\r\n      <\/div>\r\n            <div class=\"col-lg-6 col-md-6 mb-5\">\r\n        <div class=\"featured-item style-3\">\r\n          <div class=\"featured-icon\">\r\n            <img class=\"img-center lazyload\" data-src=\"https:\/\/paraguaycourier.com\/wp-content\/uploads\/2024\/02\/pickup@2x-150x150-1.png\" alt=\"Image\" src=\"data:image\/gif;base64,R0lGODlhAQABAAAAACH5BAEKAAEALAAAAAABAAEAAAICTAEAOw==\" style=\"--smush-placeholder-width: 150px; --smush-placeholder-aspect-ratio: 150\/150;\"><noscript><img class=\"img-center\" src=\"https:\/\/paraguaycourier.com\/wp-content\/uploads\/2024\/02\/pickup@2x-150x150-1.png\" alt=\"Image\"><\/noscript>\r\n          <\/div>\r\n          <div class=\"featured-title\">\r\n            <h5><a href=\"https:\/\/paraguaycourier.com\/index.php\/service\/pick-up\/\">Pick &#8211; Up<\/a><\/h5>\r\n          <\/div>\r\n          <div class=\"featured-desc\">\r\n            <p>[vc_row][vc_column][vc_column_text] \u00bfC\u00d3MO FUNCIONA EL SERVICIO DE PICK-UP? &nbsp; Si tu proveedor registrado no dispone de un servicio de env\u00edo dentro de...<\/p>\r\n          <\/div>\r\n        <\/div>\r\n      <\/div>\r\n            <div class=\"col-lg-6 col-md-6 mb-5\">\r\n        <div class=\"featured-item style-3\">\r\n          <div class=\"featured-icon\">\r\n            <img class=\"img-center lazyload\" data-src=\"https:\/\/paraguaycourier.com\/wp-content\/uploads\/2024\/02\/respuestos@2x-150x150-1.png\" alt=\"Image\" src=\"data:image\/gif;base64,R0lGODlhAQABAAAAACH5BAEKAAEALAAAAAABAAEAAAICTAEAOw==\" style=\"--smush-placeholder-width: 150px; --smush-placeholder-aspect-ratio: 150\/150;\"><noscript><img class=\"img-center\" src=\"https:\/\/paraguaycourier.com\/wp-content\/uploads\/2024\/02\/respuestos@2x-150x150-1.png\" alt=\"Image\"><\/noscript>\r\n          <\/div>\r\n          <div class=\"featured-title\">\r\n            <h5><a href=\"https:\/\/paraguaycourier.com\/index.php\/service\/cotizacion-de-autopartes\/\">Cotizaci\u00f3n de autopartes<\/a><\/h5>\r\n          <\/div>\r\n          <div class=\"featured-desc\">\r\n            <p>[vc_row][vc_column][vc_column_text] \u00bfREPUESTOS PARA MI VEH\u00cdCULO? \u00a1Claro que s\u00ed! Contamos tambi\u00e9n con una amplia experiencia en el mercado de importaci\u00f3n de repuestos...<\/p>\r\n          <\/div>\r\n        <\/div>\r\n      <\/div>\r\n            <div class=\"col-lg-6 col-md-6 mb-5\">\r\n        <div class=\"featured-item style-3\">\r\n          <div class=\"featured-icon\">\r\n            <img class=\"img-center lazyload\" data-src=\"https:\/\/paraguaycourier.com\/wp-content\/uploads\/2024\/02\/delivery-@2x-150x150-1.png\" alt=\"Image\" src=\"data:image\/gif;base64,R0lGODlhAQABAAAAACH5BAEKAAEALAAAAAABAAEAAAICTAEAOw==\" style=\"--smush-placeholder-width: 150px; --smush-placeholder-aspect-ratio: 150\/150;\"><noscript><img class=\"img-center\" src=\"https:\/\/paraguaycourier.com\/wp-content\/uploads\/2024\/02\/delivery-@2x-150x150-1.png\" alt=\"Image\"><\/noscript>\r\n          <\/div>\r\n          <div class=\"featured-title\">\r\n            <h5><a href=\"https:\/\/paraguaycourier.com\/index.php\/service\/delivery\/\">Delivery<\/a><\/h5>\r\n          <\/div>\r\n          <div class=\"featured-desc\">\r\n            <p>[vc_row][vc_column][\/vc_column][\/vc_row]<\/p>\r\n          <\/div>\r\n        <\/div>\r\n      <\/div>\r\n            <div class=\"col-lg-6 col-md-6 mb-5\">\r\n        <div class=\"featured-item style-3\">\r\n          <div class=\"featured-icon\">\r\n            <img class=\"img-center lazyload\" data-src=\"https:\/\/paraguaycourier.com\/wp-content\/uploads\/2024\/02\/seguro-de-cargas-icon@2x-150x150-1.png\" alt=\"Image\" src=\"data:image\/gif;base64,R0lGODlhAQABAAAAACH5BAEKAAEALAAAAAABAAEAAAICTAEAOw==\" style=\"--smush-placeholder-width: 150px; --smush-placeholder-aspect-ratio: 150\/150;\"><noscript><img class=\"img-center\" src=\"https:\/\/paraguaycourier.com\/wp-content\/uploads\/2024\/02\/seguro-de-cargas-icon@2x-150x150-1.png\" alt=\"Image\"><\/noscript>\r\n          <\/div>\r\n          <div class=\"featured-title\">\r\n            <h5><a href=\"https:\/\/paraguaycourier.com\/index.php\/service\/seguro-de-cargas\/\">Seguro de cargas<\/a><\/h5>\r\n          <\/div>\r\n          <div class=\"featured-desc\">\r\n            <p>[vc_row][vc_column][vc_column_text] \u00bfPUEDO ASEGURAR MIS PAQUETES M\u00c1S IMPORTANTES? &nbsp; \u00a1Claro! El seguro de cargas permite que tus paquetes est\u00e9n a\u00fan m\u00e1s protegidos...<\/p>\r\n          <\/div>\r\n        <\/div>\r\n      <\/div>\r\n            <div class=\"col-lg-6 col-md-6 mb-5\">\r\n        <div class=\"featured-item style-3\">\r\n          <div class=\"featured-icon\">\r\n            <img class=\"img-center lazyload\" data-src=\"https:\/\/paraguaycourier.com\/wp-content\/uploads\/2024\/02\/verificacion-de-paquetes-icon@2x-150x150-1.png\" alt=\"Image\" src=\"data:image\/gif;base64,R0lGODlhAQABAAAAACH5BAEKAAEALAAAAAABAAEAAAICTAEAOw==\" style=\"--smush-placeholder-width: 150px; --smush-placeholder-aspect-ratio: 150\/150;\"><noscript><img class=\"img-center\" src=\"https:\/\/paraguaycourier.com\/wp-content\/uploads\/2024\/02\/verificacion-de-paquetes-icon@2x-150x150-1.png\" alt=\"Image\"><\/noscript>\r\n          <\/div>\r\n          <div class=\"featured-title\">\r\n            <h5><a href=\"https:\/\/paraguaycourier.com\/index.php\/service\/verificacion-de-paquetes\/\">Verificaci\u00f3n de paquetes<\/a><\/h5>\r\n          <\/div>\r\n          <div class=\"featured-desc\">\r\n            <p>[vc_row][vc_column][\/vc_column][\/vc_row]<\/p>\r\n          <\/div>\r\n        <\/div>\r\n      <\/div>\r\n            <div class=\"col-lg-6 col-md-6 mb-5\">\r\n        <div class=\"featured-item style-3\">\r\n          <div class=\"featured-icon\">\r\n            <img class=\"img-center lazyload\" data-src=\"https:\/\/paraguaycourier.com\/wp-content\/uploads\/2024\/02\/cargas-maritimas@2x-150x150-1.png\" alt=\"Image\" src=\"data:image\/gif;base64,R0lGODlhAQABAAAAACH5BAEKAAEALAAAAAABAAEAAAICTAEAOw==\" style=\"--smush-placeholder-width: 150px; --smush-placeholder-aspect-ratio: 150\/150;\"><noscript><img class=\"img-center\" src=\"https:\/\/paraguaycourier.com\/wp-content\/uploads\/2024\/02\/cargas-maritimas@2x-150x150-1.png\" alt=\"Image\"><\/noscript>\r\n          <\/div>\r\n          <div class=\"featured-title\">\r\n            <h5><a href=\"https:\/\/paraguaycourier.com\/index.php\/service\/cargas-maritimas\/\">Cargas Mar\u00edtimas<\/a><\/h5>\r\n          <\/div>\r\n          <div class=\"featured-desc\">\r\n            <p>[vc_row][vc_column][vc_column_text] \u00a0\u00bfC\u00d3MO FUNCIONAN LAS CARGAS MAR\u00cdTIMAS? &nbsp; Desde Miami directo al puerto de Asunci\u00f3n, tra\u00e9 tambi\u00e9n aquellas cargas de gran peso...<\/p>\r\n          <\/div>\r\n        <\/div>\r\n      <\/div>\r\n            <div class=\"col-lg-6 col-md-6 mb-5\">\r\n        <div class=\"featured-item style-3\">\r\n          <div class=\"featured-icon\">\r\n            <img class=\"img-center lazyload\" data-src=\"https:\/\/paraguaycourier.com\/wp-content\/uploads\/2024\/02\/cargas-aereas@2x-150x150-1.png\" alt=\"Image\" src=\"data:image\/gif;base64,R0lGODlhAQABAAAAACH5BAEKAAEALAAAAAABAAEAAAICTAEAOw==\" style=\"--smush-placeholder-width: 150px; --smush-placeholder-aspect-ratio: 150\/150;\"><noscript><img class=\"img-center\" src=\"https:\/\/paraguaycourier.com\/wp-content\/uploads\/2024\/02\/cargas-aereas@2x-150x150-1.png\" alt=\"Image\"><\/noscript>\r\n          <\/div>\r\n          <div class=\"featured-title\">\r\n            <h5><a href=\"https:\/\/paraguaycourier.com\/index.php\/service\/cargas-aereas\/\">Cargas a\u00e9reas<\/a><\/h5>\r\n          <\/div>\r\n          <div class=\"featured-desc\">\r\n            <p>[vc_row][vc_column][vc_column_text] \u00a1COMPR\u00c1 DE ESTADOS UNIDOS SIN INCONVENIENTES! &nbsp; Con Paraguay Courier pod\u00e9s traer todas tus compras v\u00eda a\u00e9rea desde Miami a...<\/p>\r\n          <\/div>\r\n        <\/div>\r\n      <\/div>\r\n            <div class=\"col-lg-6 col-md-6 mb-5\">\r\n        <div class=\"featured-item style-3\">\r\n          <div class=\"featured-icon\">\r\n            <img class=\"img-center lazyload\" data-src=\"https:\/\/paraguaycourier.com\/wp-content\/uploads\/2024\/02\/asistente@2x-150x150-1.png\" alt=\"Image\" src=\"data:image\/gif;base64,R0lGODlhAQABAAAAACH5BAEKAAEALAAAAAABAAEAAAICTAEAOw==\" style=\"--smush-placeholder-width: 150px; --smush-placeholder-aspect-ratio: 150\/150;\"><noscript><img class=\"img-center\" src=\"https:\/\/paraguaycourier.com\/wp-content\/uploads\/2024\/02\/asistente@2x-150x150-1.png\" alt=\"Image\"><\/noscript>\r\n          <\/div>\r\n          <div class=\"featured-title\">\r\n            <h5><a href=\"https:\/\/paraguaycourier.com\/index.php\/service\/asistente-de-compras\/\">Asistente de compras<\/a><\/h5>\r\n          <\/div>\r\n          <div class=\"featured-desc\">\r\n            <p>[vc_row][vc_column][vc_column_text] \u00bfC\u00d3MO PUEDO COMPRAR DE INTERNET?\u00a0 &nbsp; \u00a1Te ayudamos en tus compras! En caso de necesitar una gu\u00eda para comprar ya...<\/p>\r\n          <\/div>\r\n        <\/div>\r\n      <\/div>\r\n            <div class=\"col-lg-6 col-md-6 mb-5\">\r\n        <div class=\"featured-item style-3\">\r\n          <div class=\"featured-icon\">\r\n            <img class=\"img-center lazyload\" data-src=\"https:\/\/paraguaycourier.com\/wp-content\/uploads\/2024\/06\/autocourier.png\" alt=\"Image\" src=\"data:image\/gif;base64,R0lGODlhAQABAAAAACH5BAEKAAEALAAAAAABAAEAAAICTAEAOw==\" style=\"--smush-placeholder-width: 150px; --smush-placeholder-aspect-ratio: 150\/150;\"><noscript><img class=\"img-center\" src=\"https:\/\/paraguaycourier.com\/wp-content\/uploads\/2024\/06\/autocourier.png\" alt=\"Image\"><\/noscript>\r\n          <\/div>\r\n          <div class=\"featured-title\">\r\n            <h5><a href=\"https:\/\/paraguaycourier.com\/index.php\/service\/autocourier\/\">Auto Courier<\/a><\/h5>\r\n          <\/div>\r\n          <div class=\"featured-desc\">\r\n            <p>[vc_row][vc_column][vc_column_text] \u00bfC\u00d3MO FUNCIONA EL SERVICIO DE AUTO COURIER? &nbsp; Si cont\u00e1s con poco tiempo y deb\u00e9s retirar tus paquetes, no dudes...<\/p>\r\n          <\/div>\r\n        <\/div>\r\n      <\/div>\r\n       \r\n    <\/div>\r\n  <\/div>\r\n<\/section>\r\n\r\n\r\n[\/vc_column][\/vc_row]<\/p>\n<\/section>","protected":false},"excerpt":{"rendered":"<p>[vc_row][vc_column][\/vc_column][\/vc_row]<\/p>\n","protected":false},"author":1,"featured_media":0,"parent":0,"menu_order":0,"comment_status":"closed","ping_status":"closed","template":"page-templates\/other-page.php","meta":{"_eb_attr":"","ub_ctt_via":"","footnotes":"","_joinchat":[]},"featured_image_src":null,"yoast_head":"<!-- This site is optimized with the Yoast SEO plugin v21.8 - https:\/\/yoast.com\/wordpress\/plugins\/seo\/ -->\n<title>Servicios - Paraguay Courier - El mejor Courier del pa\u00eds :: Compras de Internet con tu casilla gratis en Miami ::<\/title>\n<meta name=\"description\" content=\"Compr\u00e1 en las mejores tiendas de internet con el mejor Courier del pa\u00eds. \u00a1Obten\u00e9 ahora tu casilla GRATIS en Miami y retir\u00e1 tus compras desde USA!\" \/>\n<meta name=\"robots\" content=\"index, follow, max-snippet:-1, max-image-preview:large, max-video-preview:-1\" \/>\n<link rel=\"canonical\" href=\"https:\/\/paraguaycourier.com\/index.php\/servicios\/\" \/>\n<meta property=\"og:locale\" content=\"en_US\" \/>\n<meta property=\"og:type\" content=\"article\" \/>\n<meta property=\"og:title\" content=\"Servicios - Paraguay Courier - El mejor Courier del pa\u00eds :: Compras de Internet con tu casilla gratis en Miami ::\" \/>\n<meta property=\"og:description\" content=\"Compr\u00e1 en las mejores tiendas de internet con el mejor Courier del pa\u00eds. \u00a1Obten\u00e9 ahora tu casilla GRATIS en Miami y retir\u00e1 tus compras desde USA!\" \/>\n<meta property=\"og:url\" content=\"https:\/\/paraguaycourier.com\/index.php\/servicios\/\" \/>\n<meta property=\"og:site_name\" content=\"Paraguay Courier - El mejor Courier del pa\u00eds :: Compras de Internet con tu casilla gratis en Miami ::\" \/>\n<meta property=\"article:publisher\" content=\"https:\/\/www.facebook.com\/ParaguayCourierOficial\" \/>\n<meta property=\"article:modified_time\" content=\"2024-06-19T21:15:31+00:00\" \/>\n<meta property=\"og:image\" content=\"https:\/\/paraguaycourier.com\/wp-content\/uploads\/2023\/06\/banner-usa-home2-2.jpg\" \/>\n\t<meta property=\"og:image:width\" content=\"1920\" \/>\n\t<meta property=\"og:image:height\" content=\"740\" \/>\n\t<meta property=\"og:image:type\" content=\"image\/jpeg\" \/>\n<meta name=\"twitter:card\" content=\"summary_large_image\" \/>\n<meta name=\"twitter:label1\" content=\"Est. reading time\" \/>\n\t<meta name=\"twitter:data1\" content=\"1 minute\" \/>\n<script type=\"application\/ld+json\" class=\"yoast-schema-graph\">{\"@context\":\"https:\/\/schema.org\",\"@graph\":[{\"@type\":\"WebPage\",\"@id\":\"https:\/\/paraguaycourier.com\/index.php\/servicios\/\",\"url\":\"https:\/\/paraguaycourier.com\/index.php\/servicios\/\",\"name\":\"Servicios - Paraguay Courier - El mejor Courier del pa\u00eds :: Compras de Internet con tu casilla gratis en Miami ::\",\"isPartOf\":{\"@id\":\"https:\/\/paraguaycourier.com\/#website\"},\"datePublished\":\"2019-01-02T16:23:06+00:00\",\"dateModified\":\"2024-06-19T21:15:31+00:00\",\"description\":\"Compr\u00e1 en las mejores tiendas de internet con el mejor Courier del pa\u00eds. \u00a1Obten\u00e9 ahora tu casilla GRATIS en Miami y retir\u00e1 tus compras desde USA!\",\"breadcrumb\":{\"@id\":\"https:\/\/paraguaycourier.com\/index.php\/servicios\/#breadcrumb\"},\"inLanguage\":\"en-US\",\"potentialAction\":[{\"@type\":\"ReadAction\",\"target\":[\"https:\/\/paraguaycourier.com\/index.php\/servicios\/\"]}]},{\"@type\":\"BreadcrumbList\",\"@id\":\"https:\/\/paraguaycourier.com\/index.php\/servicios\/#breadcrumb\",\"itemListElement\":[{\"@type\":\"ListItem\",\"position\":1,\"name\":\"Home\",\"item\":\"https:\/\/paraguaycourier.com\/\"},{\"@type\":\"ListItem\",\"position\":2,\"name\":\"Servicios\"}]},{\"@type\":\"WebSite\",\"@id\":\"https:\/\/paraguaycourier.com\/#website\",\"url\":\"https:\/\/paraguaycourier.com\/\",\"name\":\"Compra de USA, CHINA y EUROPA con Tu Courier Favorito: Seguro, Confiable y R\u00e1pido con Paraguay Courier\",\"description\":\"Paraguay Courier\",\"publisher\":{\"@id\":\"https:\/\/paraguaycourier.com\/#organization\"},\"potentialAction\":[{\"@type\":\"SearchAction\",\"target\":{\"@type\":\"EntryPoint\",\"urlTemplate\":\"https:\/\/paraguaycourier.com\/?s={search_term_string}\"},\"query-input\":\"required name=search_term_string\"}],\"inLanguage\":\"en-US\"},{\"@type\":\"Organization\",\"@id\":\"https:\/\/paraguaycourier.com\/#organization\",\"name\":\"Paraguay Courier\",\"url\":\"https:\/\/paraguaycourier.com\/\",\"logo\":{\"@type\":\"ImageObject\",\"inLanguage\":\"en-US\",\"@id\":\"https:\/\/paraguaycourier.com\/#\/schema\/logo\/image\/\",\"url\":\"https:\/\/paraguaycourier.com\/wp-content\/uploads\/2023\/08\/LOGO@2x-10.png\",\"contentUrl\":\"https:\/\/paraguaycourier.com\/wp-content\/uploads\/2023\/08\/LOGO@2x-10.png\",\"width\":2160,\"height\":980,\"caption\":\"Paraguay Courier\"},\"image\":{\"@id\":\"https:\/\/paraguaycourier.com\/#\/schema\/logo\/image\/\"},\"sameAs\":[\"https:\/\/www.facebook.com\/ParaguayCourierOficial\",\"https:\/\/www.instagram.com\/paraguaycourier\"]}]}<\/script>\n<!-- \/ Yoast SEO plugin. -->","yoast_head_json":{"title":"Servicios - Paraguay Courier - El mejor Courier del pa\u00eds :: Compras de Internet con tu casilla gratis en Miami ::","description":"Compr\u00e1 en las mejores tiendas de internet con el mejor Courier del pa\u00eds. \u00a1Obten\u00e9 ahora tu casilla GRATIS en Miami y retir\u00e1 tus compras desde USA!","robots":{"index":"index","follow":"follow","max-snippet":"max-snippet:-1","max-image-preview":"max-image-preview:large","max-video-preview":"max-video-preview:-1"},"canonical":"https:\/\/paraguaycourier.com\/index.php\/servicios\/","og_locale":"en_US","og_type":"article","og_title":"Servicios - Paraguay Courier - El mejor Courier del pa\u00eds :: Compras de Internet con tu casilla gratis en Miami ::","og_description":"Compr\u00e1 en las mejores tiendas de internet con el mejor Courier del pa\u00eds. \u00a1Obten\u00e9 ahora tu casilla GRATIS en Miami y retir\u00e1 tus compras desde USA!","og_url":"https:\/\/paraguaycourier.com\/index.php\/servicios\/","og_site_name":"Paraguay Courier - El mejor Courier del pa\u00eds :: Compras de Internet con tu casilla gratis en Miami ::","article_publisher":"https:\/\/www.facebook.com\/ParaguayCourierOficial","article_modified_time":"2024-06-19T21:15:31+00:00","og_image":[{"width":1920,"height":740,"url":"https:\/\/paraguaycourier.com\/wp-content\/uploads\/2023\/06\/banner-usa-home2-2.jpg","type":"image\/jpeg"}],"twitter_card":"summary_large_image","twitter_misc":{"Est. reading time":"1 minute"},"schema":{"@context":"https:\/\/schema.org","@graph":[{"@type":"WebPage","@id":"https:\/\/paraguaycourier.com\/index.php\/servicios\/","url":"https:\/\/paraguaycourier.com\/index.php\/servicios\/","name":"Servicios - Paraguay Courier - El mejor Courier del pa\u00eds :: Compras de Internet con tu casilla gratis en Miami ::","isPartOf":{"@id":"https:\/\/paraguaycourier.com\/#website"},"datePublished":"2019-01-02T16:23:06+00:00","dateModified":"2024-06-19T21:15:31+00:00","description":"Compr\u00e1 en las mejores tiendas de internet con el mejor Courier del pa\u00eds. \u00a1Obten\u00e9 ahora tu casilla GRATIS en Miami y retir\u00e1 tus compras desde USA!","breadcrumb":{"@id":"https:\/\/paraguaycourier.com\/index.php\/servicios\/#breadcrumb"},"inLanguage":"en-US","potentialAction":[{"@type":"ReadAction","target":["https:\/\/paraguaycourier.com\/index.php\/servicios\/"]}]},{"@type":"BreadcrumbList","@id":"https:\/\/paraguaycourier.com\/index.php\/servicios\/#breadcrumb","itemListElement":[{"@type":"ListItem","position":1,"name":"Home","item":"https:\/\/paraguaycourier.com\/"},{"@type":"ListItem","position":2,"name":"Servicios"}]},{"@type":"WebSite","@id":"https:\/\/paraguaycourier.com\/#website","url":"https:\/\/paraguaycourier.com\/","name":"Compra de USA, CHINA y EUROPA con Tu Courier Favorito: Seguro, Confiable y R\u00e1pido con Paraguay Courier","description":"Paraguay Courier","publisher":{"@id":"https:\/\/paraguaycourier.com\/#organization"},"potentialAction":[{"@type":"SearchAction","target":{"@type":"EntryPoint","urlTemplate":"https:\/\/paraguaycourier.com\/?s={search_term_string}"},"query-input":"required name=search_term_string"}],"inLanguage":"en-US"},{"@type":"Organization","@id":"https:\/\/paraguaycourier.com\/#organization","name":"Paraguay Courier","url":"https:\/\/paraguaycourier.com\/","logo":{"@type":"ImageObject","inLanguage":"en-US","@id":"https:\/\/paraguaycourier.com\/#\/schema\/logo\/image\/","url":"https:\/\/paraguaycourier.com\/wp-content\/uploads\/2023\/08\/LOGO@2x-10.png","contentUrl":"https:\/\/paraguaycourier.com\/wp-content\/uploads\/2023\/08\/LOGO@2x-10.png","width":2160,"height":980,"caption":"Paraguay Courier"},"image":{"@id":"https:\/\/paraguaycourier.com\/#\/schema\/logo\/image\/"},"sameAs":["https:\/\/www.facebook.com\/ParaguayCourierOficial","https:\/\/www.instagram.com\/paraguaycourier"]}]}},"_links":{"self":[{"href":"https:\/\/paraguaycourier.com\/index.php\/wp-json\/wp\/v2\/pages\/86"}],"collection":[{"href":"https:\/\/paraguaycourier.com\/index.php\/wp-json\/wp\/v2\/pages"}],"about":[{"href":"https:\/\/paraguaycourier.com\/index.php\/wp-json\/wp\/v2\/types\/page"}],"author":[{"embeddable":true,"href":"https:\/\/paraguaycourier.com\/index.php\/wp-json\/wp\/v2\/users\/1"}],"replies":[{"embeddable":true,"href":"https:\/\/paraguaycourier.com\/index.php\/wp-json\/wp\/v2\/comments?post=86"}],"version-history":[{"count":13,"href":"https:\/\/paraguaycourier.com\/index.php\/wp-json\/wp\/v2\/pages\/86\/revisions"}],"predecessor-version":[{"id":8159,"href":"https:\/\/paraguaycourier.com\/index.php\/wp-json\/wp\/v2\/pages\/86\/revisions\/8159"}],"wp:attachment":[{"href":"https:\/\/paraguaycourier.com\/index.php\/wp-json\/wp\/v2\/media?parent=86"}],"curies":[{"name":"wp","href":"https:\/\/api.w.org\/{rel}","templated":true}]}}