{"id":6853,"date":"2024-02-20T17:23:07","date_gmt":"2024-02-20T17:23:07","guid":{"rendered":"https:\/\/paraguaycourier.com\/index.php\/product\/manfinity-rsrt-hombres-camiseta-algodon-con-estampado-de-letra-de-arbol-talla-xl\/"},"modified":"2024-02-20T17:23:07","modified_gmt":"2024-02-20T17:23:07","slug":"manfinity-rsrt-hombres-camiseta-algodon-con-estampado-de-letra-de-arbol-talla-xl","status":"publish","type":"product","link":"https:\/\/paraguaycourier.com\/index.php\/product\/manfinity-rsrt-hombres-camiseta-algodon-con-estampado-de-letra-de-arbol-talla-xl\/","title":{"rendered":"Manfinity RSRT Hombres Camiseta algod\u00f3n con estampado de letra &amp; de \u00e1rbol &#8211; Talla : XL"},"content":{"rendered":"<p>12787526<\/p>\n","protected":false},"excerpt":{"rendered":"<p>12787526<\/p>\n","protected":false},"featured_media":6854,"comment_status":"open","ping_status":"closed","template":"","meta":{"_eb_attr":"","ub_ctt_via":""},"product_cat":[],"product_tag":[],"yoast_head":"<!-- This site is optimized with the Yoast SEO plugin v21.8 - https:\/\/yoast.com\/wordpress\/plugins\/seo\/ -->\n<title>Manfinity RSRT Hombres Camiseta algod\u00f3n con estampado de letra &amp; de \u00e1rbol - Talla : XL - Paraguay Courier - El mejor Courier del pa\u00eds :: Compras de Internet con tu casilla gratis en Miami ::<\/title>\n<meta name=\"robots\" content=\"index, follow, max-snippet:-1, max-image-preview:large, max-video-preview:-1\" \/>\n<link rel=\"canonical\" href=\"https:\/\/paraguaycourier.com\/index.php\/product\/manfinity-rsrt-hombres-camiseta-algodon-con-estampado-de-letra-de-arbol-talla-xl\/\" \/>\n<meta property=\"og:locale\" content=\"en_US\" \/>\n<meta property=\"og:type\" content=\"article\" \/>\n<meta property=\"og:title\" content=\"Manfinity RSRT Hombres Camiseta algod\u00f3n con estampado de letra &amp; de \u00e1rbol - Talla : XL - Paraguay Courier - El mejor Courier del pa\u00eds :: Compras de Internet con tu casilla gratis en Miami ::\" \/>\n<meta property=\"og:description\" content=\"12787526\" \/>\n<meta property=\"og:url\" content=\"https:\/\/paraguaycourier.com\/index.php\/product\/manfinity-rsrt-hombres-camiseta-algodon-con-estampado-de-letra-de-arbol-talla-xl\/\" \/>\n<meta property=\"og:site_name\" content=\"Paraguay Courier - El mejor Courier del pa\u00eds :: Compras de Internet con tu casilla gratis en Miami ::\" \/>\n<meta property=\"article:publisher\" content=\"https:\/\/www.facebook.com\/ParaguayCourierOficial\" \/>\n<meta property=\"og:image\" content=\"https:\/\/paraguaycourier.com\/wp-content\/uploads\/2024\/02\/1678867095ed84211961278fdf86f917df3df63bee.jpg\" \/>\n\t<meta property=\"og:image:width\" content=\"1340\" \/>\n\t<meta property=\"og:image:height\" content=\"1785\" \/>\n\t<meta property=\"og:image:type\" content=\"image\/jpeg\" \/>\n<meta name=\"twitter:card\" content=\"summary_large_image\" \/>\n<script type=\"application\/ld+json\" class=\"yoast-schema-graph\">{\"@context\":\"https:\/\/schema.org\",\"@graph\":[{\"@type\":\"WebPage\",\"@id\":\"https:\/\/paraguaycourier.com\/index.php\/product\/manfinity-rsrt-hombres-camiseta-algodon-con-estampado-de-letra-de-arbol-talla-xl\/\",\"url\":\"https:\/\/paraguaycourier.com\/index.php\/product\/manfinity-rsrt-hombres-camiseta-algodon-con-estampado-de-letra-de-arbol-talla-xl\/\",\"name\":\"Manfinity RSRT Hombres Camiseta algod\u00f3n con estampado de letra &amp; de \u00e1rbol - Talla : XL - Paraguay Courier - El mejor Courier del pa\u00eds :: Compras de Internet con tu casilla gratis en Miami ::\",\"isPartOf\":{\"@id\":\"https:\/\/paraguaycourier.com\/#website\"},\"datePublished\":\"2024-02-20T17:23:07+00:00\",\"dateModified\":\"2024-02-20T17:23:07+00:00\",\"breadcrumb\":{\"@id\":\"https:\/\/paraguaycourier.com\/index.php\/product\/manfinity-rsrt-hombres-camiseta-algodon-con-estampado-de-letra-de-arbol-talla-xl\/#breadcrumb\"},\"inLanguage\":\"en-US\",\"potentialAction\":[{\"@type\":\"ReadAction\",\"target\":[\"https:\/\/paraguaycourier.com\/index.php\/product\/manfinity-rsrt-hombres-camiseta-algodon-con-estampado-de-letra-de-arbol-talla-xl\/\"]}]},{\"@type\":\"BreadcrumbList\",\"@id\":\"https:\/\/paraguaycourier.com\/index.php\/product\/manfinity-rsrt-hombres-camiseta-algodon-con-estampado-de-letra-de-arbol-talla-xl\/#breadcrumb\",\"itemListElement\":[{\"@type\":\"ListItem\",\"position\":1,\"name\":\"Home\",\"item\":\"https:\/\/paraguaycourier.com\/\"},{\"@type\":\"ListItem\",\"position\":2,\"name\":\"Manfinity RSRT Hombres Camiseta algod\u00f3n con estampado de letra &amp; de \u00e1rbol &#8211; Talla : XL\"}]},{\"@type\":\"WebSite\",\"@id\":\"https:\/\/paraguaycourier.com\/#website\",\"url\":\"https:\/\/paraguaycourier.com\/\",\"name\":\"Compra de USA, CHINA y EUROPA con Tu Courier Favorito: Seguro, Confiable y R\u00e1pido con Paraguay Courier\",\"description\":\"Paraguay Courier\",\"publisher\":{\"@id\":\"https:\/\/paraguaycourier.com\/#organization\"},\"potentialAction\":[{\"@type\":\"SearchAction\",\"target\":{\"@type\":\"EntryPoint\",\"urlTemplate\":\"https:\/\/paraguaycourier.com\/?s={search_term_string}\"},\"query-input\":\"required name=search_term_string\"}],\"inLanguage\":\"en-US\"},{\"@type\":\"Organization\",\"@id\":\"https:\/\/paraguaycourier.com\/#organization\",\"name\":\"Paraguay Courier\",\"url\":\"https:\/\/paraguaycourier.com\/\",\"logo\":{\"@type\":\"ImageObject\",\"inLanguage\":\"en-US\",\"@id\":\"https:\/\/paraguaycourier.com\/#\/schema\/logo\/image\/\",\"url\":\"https:\/\/paraguaycourier.com\/wp-content\/uploads\/2023\/08\/LOGO@2x-10.png\",\"contentUrl\":\"https:\/\/paraguaycourier.com\/wp-content\/uploads\/2023\/08\/LOGO@2x-10.png\",\"width\":2160,\"height\":980,\"caption\":\"Paraguay Courier\"},\"image\":{\"@id\":\"https:\/\/paraguaycourier.com\/#\/schema\/logo\/image\/\"},\"sameAs\":[\"https:\/\/www.facebook.com\/ParaguayCourierOficial\",\"https:\/\/www.instagram.com\/paraguaycourier\"]}]}<\/script>\n<!-- \/ Yoast SEO plugin. -->","yoast_head_json":{"title":"Manfinity RSRT Hombres Camiseta algod\u00f3n con estampado de letra &amp; de \u00e1rbol - Talla : XL - Paraguay Courier - El mejor Courier del pa\u00eds :: Compras de Internet con tu casilla gratis en Miami ::","robots":{"index":"index","follow":"follow","max-snippet":"max-snippet:-1","max-image-preview":"max-image-preview:large","max-video-preview":"max-video-preview:-1"},"canonical":"https:\/\/paraguaycourier.com\/index.php\/product\/manfinity-rsrt-hombres-camiseta-algodon-con-estampado-de-letra-de-arbol-talla-xl\/","og_locale":"en_US","og_type":"article","og_title":"Manfinity RSRT Hombres Camiseta algod\u00f3n con estampado de letra &amp; de \u00e1rbol - Talla : XL - Paraguay Courier - El mejor Courier del pa\u00eds :: Compras de Internet con tu casilla gratis en Miami ::","og_description":"12787526","og_url":"https:\/\/paraguaycourier.com\/index.php\/product\/manfinity-rsrt-hombres-camiseta-algodon-con-estampado-de-letra-de-arbol-talla-xl\/","og_site_name":"Paraguay Courier - El mejor Courier del pa\u00eds :: Compras de Internet con tu casilla gratis en Miami ::","article_publisher":"https:\/\/www.facebook.com\/ParaguayCourierOficial","og_image":[{"width":1340,"height":1785,"url":"https:\/\/paraguaycourier.com\/wp-content\/uploads\/2024\/02\/1678867095ed84211961278fdf86f917df3df63bee.jpg","type":"image\/jpeg"}],"twitter_card":"summary_large_image","schema":{"@context":"https:\/\/schema.org","@graph":[{"@type":"WebPage","@id":"https:\/\/paraguaycourier.com\/index.php\/product\/manfinity-rsrt-hombres-camiseta-algodon-con-estampado-de-letra-de-arbol-talla-xl\/","url":"https:\/\/paraguaycourier.com\/index.php\/product\/manfinity-rsrt-hombres-camiseta-algodon-con-estampado-de-letra-de-arbol-talla-xl\/","name":"Manfinity RSRT Hombres Camiseta algod\u00f3n con estampado de letra &amp; de \u00e1rbol - Talla : XL - Paraguay Courier - El mejor Courier del pa\u00eds :: Compras de Internet con tu casilla gratis en Miami ::","isPartOf":{"@id":"https:\/\/paraguaycourier.com\/#website"},"datePublished":"2024-02-20T17:23:07+00:00","dateModified":"2024-02-20T17:23:07+00:00","breadcrumb":{"@id":"https:\/\/paraguaycourier.com\/index.php\/product\/manfinity-rsrt-hombres-camiseta-algodon-con-estampado-de-letra-de-arbol-talla-xl\/#breadcrumb"},"inLanguage":"en-US","potentialAction":[{"@type":"ReadAction","target":["https:\/\/paraguaycourier.com\/index.php\/product\/manfinity-rsrt-hombres-camiseta-algodon-con-estampado-de-letra-de-arbol-talla-xl\/"]}]},{"@type":"BreadcrumbList","@id":"https:\/\/paraguaycourier.com\/index.php\/product\/manfinity-rsrt-hombres-camiseta-algodon-con-estampado-de-letra-de-arbol-talla-xl\/#breadcrumb","itemListElement":[{"@type":"ListItem","position":1,"name":"Home","item":"https:\/\/paraguaycourier.com\/"},{"@type":"ListItem","position":2,"name":"Manfinity RSRT Hombres Camiseta algod\u00f3n con estampado de letra &amp; de \u00e1rbol &#8211; Talla : XL"}]},{"@type":"WebSite","@id":"https:\/\/paraguaycourier.com\/#website","url":"https:\/\/paraguaycourier.com\/","name":"Compra de USA, CHINA y EUROPA con Tu Courier Favorito: Seguro, Confiable y R\u00e1pido con Paraguay Courier","description":"Paraguay Courier","publisher":{"@id":"https:\/\/paraguaycourier.com\/#organization"},"potentialAction":[{"@type":"SearchAction","target":{"@type":"EntryPoint","urlTemplate":"https:\/\/paraguaycourier.com\/?s={search_term_string}"},"query-input":"required name=search_term_string"}],"inLanguage":"en-US"},{"@type":"Organization","@id":"https:\/\/paraguaycourier.com\/#organization","name":"Paraguay Courier","url":"https:\/\/paraguaycourier.com\/","logo":{"@type":"ImageObject","inLanguage":"en-US","@id":"https:\/\/paraguaycourier.com\/#\/schema\/logo\/image\/","url":"https:\/\/paraguaycourier.com\/wp-content\/uploads\/2023\/08\/LOGO@2x-10.png","contentUrl":"https:\/\/paraguaycourier.com\/wp-content\/uploads\/2023\/08\/LOGO@2x-10.png","width":2160,"height":980,"caption":"Paraguay Courier"},"image":{"@id":"https:\/\/paraguaycourier.com\/#\/schema\/logo\/image\/"},"sameAs":["https:\/\/www.facebook.com\/ParaguayCourierOficial","https:\/\/www.instagram.com\/paraguaycourier"]}]}},"_links":{"self":[{"href":"https:\/\/paraguaycourier.com\/index.php\/wp-json\/wp\/v2\/product\/6853"}],"collection":[{"href":"https:\/\/paraguaycourier.com\/index.php\/wp-json\/wp\/v2\/product"}],"about":[{"href":"https:\/\/paraguaycourier.com\/index.php\/wp-json\/wp\/v2\/types\/product"}],"replies":[{"embeddable":true,"href":"https:\/\/paraguaycourier.com\/index.php\/wp-json\/wp\/v2\/comments?post=6853"}],"wp:featuredmedia":[{"embeddable":true,"href":"https:\/\/paraguaycourier.com\/index.php\/wp-json\/wp\/v2\/media\/6854"}],"wp:attachment":[{"href":"https:\/\/paraguaycourier.com\/index.php\/wp-json\/wp\/v2\/media?parent=6853"}],"wp:term":[{"taxonomy":"product_cat","embeddable":true,"href":"https:\/\/paraguaycourier.com\/index.php\/wp-json\/wp\/v2\/product_cat?post=6853"},{"taxonomy":"product_tag","embeddable":true,"href":"https:\/\/paraguaycourier.com\/index.php\/wp-json\/wp\/v2\/product_tag?post=6853"}],"curies":[{"name":"wp","href":"https:\/\/api.w.org\/{rel}","templated":true}]}}